 What is the remainder when 14 is divided by i?
4
Let g(d) = -1. Let s(k) = -k**2 - 4. Let q(l) = -4*g(l) + s(l). Let c be q(1). What is the remainder when 0 + (1 - -2) - c is divided by 2?
0
Let u(i) = i. Let m be u(2). Suppose -q = g - 84, -m*g + 0*q + 172 = 3*q. Suppose -6*s + g = -s. Calculate the remainder when s is divided by 6.
4
Let h(b) = -b**2 - 13*b + 1. Suppose -2*a = 0, 0 = -2*f + 5*a - 3*a. Let x = f + 1. Calculate the remainder when x is divided by h(-13).
0
Suppose b = 3*v + 22, -b - 4*v = -v - 10. Let m = 147 - 118. Calculate the remainder when m is divided by b.
13
Suppose 2*t = -3*t + 715. Let y = t - 81. Calculate the remainder when y is divided by 16.
14
Suppose -5*t + 80 = 4*z, -z - 1 = 4*t - 21. Calculate the remainder when 36 is divided by z.
16
What is the remainder when (-6)/(-8) + 85/4 is divided by 8?
6
Suppose c - 3*c + 8 = 0. Let r be 2/(-8) + 37/c. Suppose w - 5*g = 5, -r = -3*w + 4*g + 6. What is the remainder when 9 is divided by w?
4
Suppose -25 = -5*g - 4*f + 2*f, -g = -4*f - 5. Let n = g - 5. Calculate the remainder when 10 is divided by -1*(n + 2*-2).
2
Let r = -12 + 8. Let l = -3 - r. Calculate the remainder when 3 is divided by l.
0
Suppose -4*h = -12 - 4. Let o(y) = -y**2 + 5*y - 1. Let a be o(h). Suppose 0 = 5*v - a*w - 83, -4*w - 4 = -v - 1. What is the remainder when v is divided by 7?
5
Calculate the remainder when ((-58)/(-8))/(2/8) is divided by 4/56*-20*(-21)/3.
9
What is the remainder when 29 + -4 + (-2)/2 is divided by 13?
11
Suppose -4*j + 33 + 59 = 0. Calculate the remainder when (-18)/(-1 - 3/(-5)) is divided by j.
22
Let s be 213*(0 - 3)/9. Let w = -46 - s. What is the remainder when w is divided by -2*(-26)/4*1?
12
Suppose 0*o = 4*o + 8. Let n(q) = 8*q**2 + q - 4. Calculate the remainder when n(o) is divided by 14.
12
Let t(z) = 14*z - 3. What is the remainder when 21 is divided by t(1)?
10
Suppose 2*z - 16 = o - 0*o, 5*z - o - 37 = 0. Let p(l) = -l + 1. Let s be p(-3). Let t = 0 + s. What is the remainder when z is divided by t?
3
Let u be (1 - -1)*-4*-2. Suppose 0*f - f + u = 0. Suppose -3*r + 257 - 7 = 5*d, -3*d + 2*r = -131. What is the remainder when d is divided by f?
15
Let j(t) = -5*t**2 - 16*t + 1. Let w(h) = 2*h**2 + 8*h - 1. Let n(m) = 3*j(m) + 7*w(m). What is the remainder when 29 is divided by n(6)?
5
Let n(g) = 2*g + 4 - 3 + 0 + 4. Let p be n(9). Let b = p - -24. What is the remainder when b is divided by 16?
15
Let c(u) be the third derivative of u**4/24 + 2*u**3/3 - u**2. Let v(h) = -2*h**3 - 3*h - 3. Calculate the remainder when v(-2) is divided by c(6).
9
Let l(s) = s - 8. Let q = -25 + 42. What is the remainder when 35 is divided by l(q)?
8
Suppose 2*i + 4 = 5*c, -3*c + 10 = -2*c - 5*i. Suppose c = r - 0*r + 3, -2*r = -5*b + 1. Let a = 11 + b. Calculate the remainder when 17 is divided by a.
7
Let t(u) = -5*u - 12. Calculate the remainder when t(-11) is divided by (0 - -12) + -1*1.
10
Let d = -9 - -47. Calculate the remainder when d is divided by 14.
10
Suppose 4*p + 5 = -11, 0 = 2*a - 5*p - 70. Calculate the remainder when 97 is divided by a.
22
Let y(a) = a**3 + 2*a**2 - 4*a. Let k be y(-3). Suppose c - 4*h = 22, 2*c - 34 = -2*c - 2*h. Calculate the remainder when 447/12 - k/12 is divided by c.
7
Let d(y) = -y + 5. Suppose 0 = -3*c + p - 3*p + 247, -4 = 4*p. Let k = c + -57. Calculate the remainder when k is divided by d(-4).
8
Suppose 5*p - 25 = 30. What is the remainder when 53 is divided by p?
9
Let n = -12 + 30. What is the remainder when 34 is divided by n?
16
Let g = -2 + 42. Let q(a) = a**2 - 4. Suppose 5*y + 12 + 13 = 0. What is the remainder when g is divided by q(y)?
19
Let u(q) = q**3 + 8*q**2 + 9*q. Let b(c) = 3*c + 3. Let w be b(-3). What is the remainder when 33 is divided by u(w)?
15
Suppose -2*m - 6*m + 712 = 0. What is the remainder when m is divided by 15?
14
Let b(t) = 2 - 1 - 2*t + 12*t**2 + 0. Suppose -6 = -2*i + 2*g, -2*i - 4*g = -0*i - 24. What is the remainder when b(1) is divided by i?
5
Suppose -2*c = 2*a - 0*a - 8, -4*a = 5*c - 25. What is the remainder when 17 is divided by c?
8
Let m = 2 - 0. Suppose -p + m*p + 5*o = -16, 5*p - 5*o = 40. Suppose -5*f + p*a = -224, 3*f - 5*a = -27 + 164. Calculate the remainder when f is divided by 15.
14
Suppose -3*n = 2*n - 70. Suppose 0 = -5*q + 21 + 104. What is the remainder when q is divided by n?
11
Let i(u) = 11*u**2 + u - 1. Let z be i(-2). Suppose -z = 4*y + 3. What is the remainder when 31 is divided by y*2/(2*-1)?
9
Let n = -40 + 137. Calculate the remainder when n is divided by 20.
17
Let t(h) = -h**3 + 10*h**2 - 6*h - 10. What is the remainder when t(9) is divided by ((-2)/(-6))/((-5)/(-75))?
2
Suppose 13 = 3*u - 173. Calculate the remainder when u is divided by 16.
14
Suppose 3*f - 4*a = a - 3, 0 = -4*f - 4*a + 28. Suppose f*j + 0*j = 24. Calculate the remainder when 18 + 1 + -1 + -2 is divided by j.
4
Let f be (-3 - -1 - -1) + -3. Let t be f/6 - 536/(-12). Suppose 3*p + p - 8 = 0, 5*y + 2*p - t = 0. What is the remainder when y is divided by 5?
3
Let b(f) = -29*f + 15. Let j be b(-8). Suppose 2*m = -5*v + j, 3 + 1 = -m. Suppose x - 4*k = -4 + 42, k = -5. Calculate the remainder when v is divided by x.
15
Let h(g) = -2*g - 6*g**3 - 3*g - 2 + g - 4*g**2. What is the remainder when h(-2) is divided by 2 + 7 - (11 + -15)?
12
Let w(x) = 3*x**2 + 1. Calculate the remainder when 81 is divided by w(3).
25
Let x = -23 - -49. Suppose 26 = 5*f - 3*f - 2*r, -40 = -3*f + 2*r. Calculate the remainder when x is divided by f.
12
Let s(r) = -r**2 - 6*r + 5. What is the remainder when s(-5) is divided by 3?
1
Suppose -p = -5*p. Suppose 2*i - 5 - 67 = p. Calculate the remainder when i is divided by 13.
10
Let j(v) = -v**3 + 3*v**2 + 5*v - 2. Let l be j(4). Suppose -3*x = 12, p - 5*x = -l*p + 95. Let r = 45 - p. Calculate the remainder when 38 is divided by r.
18
Let s = 6 + -4. Let t be s/(-3 + 7)*0. Suppose t = -5*h - j + 67, -24 = -h + 5*j + 5. Calculate the remainder when h is divided by 8.
6
Suppose 4*m - 44 + 8 = 0. Calculate the remainder when m is divided by 8.
1
Suppose -4*n = -a - 63, -8*a = n - 3*a - 42. Calculate the remainder when n is divided by -32 + 30 + (7 - 1).
1
Let k = 13 + -3. What is the remainder when k is divided by 4?
2
Let j = -1 + 1. Suppose -d + j*d = -48. What is the remainder when d is divided by 17?
14
Let z(u) = 2*u + 21. What is the remainder when 18 is divided by z(-8)?
3
Suppose -50 = -2*h - 0*h. Let t = 25 - 13. Calculate the remainder when h is divided by 152/t + (-1)/(-3).
12
Suppose -25*n + 29*n = 60. Calculate the remainder when n is divided by 4.
3
Calculate the remainder when 15 is divided by (-14)/(-35) + 96/10.
5
Suppose 28 + 29 = p. What is the remainder when p is divided by 20?
17
Let i = 4 - 4. Suppose i = u - 4*c - 82, 6*u - 129 = 4*u + c. Calculate the remainder when u is divided by 21.
20
Suppose 0 = -o - w + 8, -1 = 4*o + 3*w - 28. Suppose o*b = b + 22. Calculate the remainder when b is divided by 6.
5
Let v(p) = -p**3 + 8*p**2 - 4*p - 6. Suppose -5*n - 15 + 80 = 0. What is the remainder when v(5) is divided by n?
10
Let b = -38 + 45. Calculate the remainder when 11 is divided by b.
4
Suppose -3*n = 4*v - 4*n - 117, 0 = -3*v - 5*n + 59. Suppose -x - 34 = -2*l + x, l - 5*x = 25. What is the remainder when v is divided by l?
13
Let l = -34 + 62. Calculate the remainder when l is divided by 10.
8
Suppose 3*n - 5*v = -79, 3*n + 7*v + 89 = 2*v. Calculate the remainder when 19 is divided by 7/n - (-41)/4.
9
Suppose -2*g = -g - 124. Suppose -5*h = -g + 39. Suppose -5*x = -d - 2*d + 17, 4*x = 3*d - 19. What is the remainder when h is divided by d?
8
Suppose 46 = 2*k - k. Suppose 25 = 5*x, 0 = 4*f + x - k - 11. Let y(q) = -q**2 + 5*q + 7. What is the remainder when f is divided by y(5)?
6
Let u be (1/2 + 0)*4. Suppose 0*x = u*x + 3*t - 46, 46 = 2*x - 2*t. What is the remainder when x is divided by 13?
10
Suppose b = -b + 1290. What is the remainder when (-4)/(-24) + b/18 is divided by 13?
10
Let r = -3 - -3. Let h = r + 6. What is the remainder when 10 is divided by h?
4
Suppose -3*m = m - 56. What is the remainder when 82 is divided by m?
12
Let s = -6 - -22. Calculate the remainder when s is divided by 5.
1
Let q be (1 - -87) + (4 - 6). Let b = q - 43. What is the 